{"id":1050,"date":"2025-03-16T17:39:19","date_gmt":"2025-03-16T16:39:19","guid":{"rendered":"https:\/\/boombaam.se\/?page_id=1050"},"modified":"2025-05-04T12:54:45","modified_gmt":"2025-05-04T10:54:45","slug":"video","status":"publish","type":"page","link":"https:\/\/boombaam.se\/?page_id=1050","title":{"rendered":"Video"},"content":{"rendered":"\n<div class=\"wp-block-cover alignfull\" style=\"padding-top:0;padding-right:var(--wp--preset--spacing--40);padding-bottom:0;padding-left:var(--wp--preset--spacing--40);min-height:391px;aspect-ratio:unset;\"><span aria-hidden=\"true\" class=\"wp-block-cover__background has-background-dim-70 has-background-dim\"><\/span><video class=\"wp-block-cover__video-background intrinsic-ignore\" autoplay muted loop playsinline src=\"https:\/\/boombaam.se\/wp-content\/uploads\/2024\/02\/video-pagina-6.mp4\" data-object-fit=\"cover\"><\/video><div class=\"wp-block-cover__inner-container is-layout-flow wp-container-core-cover-is-layout-90ac91b3 wp-block-cover-is-layout-flow\">\n<h2 class=\"wp-block-heading has-text-align-center has-ast-global-color-4-color has-text-color has-link-color wp-elements-445a72b6a00838a33db0475d75c0d2a8\">VIDEO<\/h2>\n\n\n\n<p class=\"has-text-align-center\" style=\"font-size:17px\">Reklamfilmer, fastighetsfilm, eventvideos, reels, tiktoks samt behind the scenes.<\/p>\n\n\n\n<p class=\"has-text-align-center\" style=\"font-size:17px\">Boombaam skapar strategiskt videoinneh\u00e5ll som engagerar, bygger varum\u00e4rke och driver f\u00f6rs\u00e4ljning.<\/p>\n\n\n\n<p class=\"has-text-align-center\" style=\"font-size:17px\">Oavsett om du vill \u00f6ka synligheten p\u00e5 sociala medier, st\u00e4rka ditt f\u00f6retags identitet eller locka fler kunder, levererar vi skr\u00e4ddarsydda videor som ger resultat.<\/p>\n<\/div><\/div>\n\n\n\n<div class=\"wp-block-columns alignfull is-layout-flex wp-container-core-columns-is-layout-28f84493 wp-block-columns-is-layout-flex\">\n<div class=\"wp-block-column is-layout-flow wp-block-column-is-layout-flow\">\n<figure class=\"wp-block-video\"><video height=\"720\" style=\"aspect-ratio: 1280 \/ 720;\" width=\"1280\" controls poster=\"https:\/\/boombaam.se\/wp-content\/uploads\/2025\/03\/IMG_0017.jpg\" src=\"https:\/\/boombaam.se\/wp-content\/uploads\/2025\/03\/copy_D19BB271-66A3-478A-A988-D4B1A0C0D675.mp4\"><\/video><\/figure>\n<\/div>\n\n\n\n<div class=\"wp-block-column is-layout-flow wp-block-column-is-layout-flow\">\n<figure class=\"wp-block-video\"><video height=\"720\" style=\"aspect-ratio: 1280 \/ 720;\" width=\"1280\" controls poster=\"https:\/\/boombaam.se\/wp-content\/uploads\/2025\/03\/IMG_0025.jpg\" src=\"https:\/\/boombaam.se\/wp-content\/uploads\/2025\/03\/copy_4521B666-CB0D-49DD-8A65-5FB1048B4BA6.mp4\"><\/video><\/figure>\n<\/div>\n\n\n\n<div class=\"wp-block-column is-layout-flow wp-block-column-is-layout-flow\">\n<figure class=\"wp-block-video\"><video height=\"720\" style=\"aspect-ratio: 1280 \/ 720;\" width=\"1280\" controls poster=\"https:\/\/boombaam.se\/wp-content\/uploads\/2025\/03\/IMG_0024.jpg\" src=\"https:\/\/boombaam.se\/wp-content\/uploads\/2025\/03\/copy_3625BB84-9437-43EA-8C35-D9747FDC920C.mp4\"><\/video><\/figure>\n<\/div>\n<\/div>\n\n\n\n<div class=\"wp-block-columns alignfull is-layout-flex wp-container-core-columns-is-layout-ea7800fd wp-block-columns-is-layout-flex\" style=\"margin-top:-50px;margin-bottom:-50px\">\n<div class=\"wp-block-column is-layout-flow wp-block-column-is-layout-flow\">\n<figure class=\"wp-block-video\"><video height=\"1080\" style=\"aspect-ratio: 1920 \/ 1080;\" width=\"1920\" controls poster=\"https:\/\/boombaam.se\/wp-content\/uploads\/2025\/05\/IMG_1872.webp\" src=\"https:\/\/boombaam.se\/wp-content\/uploads\/2025\/05\/copy_32529352-DF9C-4A60-8C63-AD832DA61790.mp4\"><\/video><\/figure>\n<\/div>\n\n\n\n<div class=\"wp-block-column is-layout-flow wp-block-column-is-layout-flow\">\n<figure class=\"wp-block-video\"><video height=\"1080\" style=\"aspect-ratio: 1920 \/ 1080;\" width=\"1920\" controls poster=\"https:\/\/boombaam.se\/wp-content\/uploads\/2025\/05\/Captura-de-pantalla-2025-05-04-a-las-12.51.33.png\" src=\"https:\/\/boombaam.se\/wp-content\/uploads\/2025\/03\/Oummi-Feed.mp4\"><\/video><\/figure>\n<\/div>\n\n\n\n<div class=\"wp-block-column is-layout-flow wp-block-column-is-layout-flow\">\n<figure class=\"wp-block-video\"><video height=\"1080\" style=\"aspect-ratio: 1920 \/ 1080;\" width=\"1920\" controls poster=\"https:\/\/boombaam.se\/wp-content\/uploads\/2025\/05\/IMG_1871.webp\" src=\"https:\/\/boombaam.se\/wp-content\/uploads\/2025\/05\/Il-Molo-Feed.mp4\"><\/video><\/figure>\n<\/div>\n<\/div>\n\n\n\n<div class=\"wp-block-columns alignfull is-layout-flex wp-container-core-columns-is-layout-ea7800fd wp-block-columns-is-layout-flex\" style=\"margin-top:-50px;margin-bottom:-50px\">\n<div class=\"wp-block-column is-layout-flow wp-block-column-is-layout-flow\">\n<figure class=\"wp-block-video\"><video height=\"720\" style=\"aspect-ratio: 1280 \/ 720;\" width=\"1280\" controls poster=\"https:\/\/boombaam.se\/wp-content\/uploads\/2025\/03\/IMG_0036.jpg\" src=\"https:\/\/boombaam.se\/wp-content\/uploads\/2025\/03\/copy_472A5F78-7072-49ED-BBB0-612E2849A22E.mp4\"><\/video><\/figure>\n<\/div>\n\n\n\n<div class=\"wp-block-column is-layout-flow wp-block-column-is-layout-flow\">\n<figure class=\"wp-block-video\"><video height=\"720\" style=\"aspect-ratio: 1280 \/ 720;\" width=\"1280\" controls poster=\"https:\/\/boombaam.se\/wp-content\/uploads\/2024\/02\/Captura-de-pantalla-2024-02-01-a-las-9.12.05_11zon.jpg\" src=\"https:\/\/boombaam.se\/wp-content\/uploads\/2025\/03\/copy_83E34BCF-7697-4F3A-B1AA-D157BF14CFE9.mp4\"><\/video><\/figure>\n<\/div>\n\n\n\n<div class=\"wp-block-column is-layout-flow wp-block-column-is-layout-flow\">\n<figure class=\"wp-block-video\"><video height=\"1080\" style=\"aspect-ratio: 1920 \/ 1080;\" width=\"1920\" controls poster=\"https:\/\/boombaam.se\/wp-content\/uploads\/2025\/03\/IMG_0038.jpg\" src=\"https:\/\/boombaam.se\/wp-content\/uploads\/2025\/03\/IMG_1754.mp4\"><\/video><\/figure>\n<\/div>\n<\/div>\n\n\n\n<div class=\"wp-block-columns alignwide has-ast-global-color-4-background-color has-background is-layout-flex wp-container-core-columns-is-layout-e82012fa wp-block-columns-is-layout-flex\" style=\"margin-top:74px;margin-bottom:74px;padding-top:var(--wp--preset--spacing--60);padding-bottom:var(--wp--preset--spacing--60)\">\n<div class=\"wp-block-column is-layout-flow wp-block-column-is-layout-flow\">\n<p class=\"has-ast-global-color-2-color has-text-color has-link-color wp-elements-1c7691db3d44a63d9199348898732feb\" style=\"font-size:23px\"><strong>Stick ut med professionellt foto och video!<\/strong><\/p>\n\n\n\n<p class=\"has-text-align-left has-ast-global-color-2-color has-text-color has-link-color wp-elements-67372a3abc18f8839af5e2e22ac9398e\" style=\"font-size:18px\">Fastighetsfilmer, reklamfilmer, dr\u00f6narvideos, reels och tiktoks. Produktfotografering, mat- och dryckesbilder, eventfotografering, interi\u00f6rbilder och bostadsfotografi \u2013 vi skapar visuellt starkt inneh\u00e5ll f\u00f6r f\u00f6retag, restauranger och m\u00e4klare.<\/p>\n\n\n\n<p class=\"has-text-align-left has-ast-global-color-2-color has-text-color has-link-color wp-elements-81ad43ca48ad43065f0d732147b1505e\" style=\"font-size:18px\"> Oavsett om du beh\u00f6ver material f\u00f6r sociala medier, marknadsf\u00f6ring web eller f\u00f6rs\u00e4ljning, levererar vi skr\u00e4ddarsydda l\u00f6sningar som ger resultat. <\/p>\n\n\n\n<p class=\"has-text-align-left has-ast-global-color-2-color has-text-color has-link-color wp-elements-2f4fc22dec16dc011bb899e369c3a066\" style=\"font-size:18px\">Kontakta oss idag och lyft din marknadsf\u00f6ring till n\u00e4sta niv\u00e5!<\/p>\n\n\n\n<p><\/p>\n<\/div>\n\n\n\n<div class=\"wp-block-column has-ast-global-color-4-background-color has-background is-layout-flow wp-block-column-is-layout-flow\" style=\"flex-basis:50px\"><\/div>\n\n\n\n<div class=\"wp-block-column is-layout-flow wp-block-column-is-layout-flow\">\n<p class=\"has-text-align-left has-ast-global-color-2-color has-text-color has-link-color wp-elements-497d34f12a34c0887561ab7b5ab7b922\" style=\"margin-top:0;margin-bottom:0;padding-top:0;padding-bottom:0;font-size:23px;line-height:1.4\"><strong>Kontakta oss<\/strong><\/p>\n\n\n<style id=\"wpforms-css-vars-651-block-67f95239-98e2-4df8-9678-9434e7185e6a\">\n\t\t\t\t#wpforms-651.wpforms-block-67f95239-98e2-4df8-9678-9434e7185e6a {\n\t\t\t\t--wpforms-field-border-radius: 0px;\n--wpforms-button-border-radius: 0px;\n--wpforms-button-background-color: #841bed;\n--wpforms-field-size-input-height: 50px;\n--wpforms-field-size-input-spacing: 20px;\n--wpforms-field-size-font-size: 18px;\n--wpforms-field-size-line-height: 21px;\n--wpforms-field-size-padding-h: 14px;\n--wpforms-field-size-checkbox-size: 18px;\n--wpforms-field-size-sublabel-spacing: 10px;\n--wpforms-field-size-icon-size: 1.25;\n--wpforms-label-size-font-size: 16px;\n--wpforms-label-size-line-height: 19px;\n--wpforms-label-size-sublabel-font-size: 14px;\n--wpforms-label-size-sublabel-line-height: 17px;\n--wpforms-button-size-font-size: 17px;\n--wpforms-button-size-height: 41px;\n--wpforms-button-size-padding-h: 15px;\n--wpforms-button-size-margin-top: 10px;\n\t\t\t}\n\t\t\t<\/style><div class=\"wpforms-container wpforms-container-full wpforms-block wpforms-block-67f95239-98e2-4df8-9678-9434e7185e6a wpforms-render-modern\" id=\"wpforms-651\"><form id=\"wpforms-form-651\" class=\"wpforms-validate wpforms-form wpforms-ajax-form\" data-formid=\"651\" method=\"post\" enctype=\"multipart\/form-data\" action=\"\/index.php?rest_route=%2Fwp%2Fv2%2Fpages%2F1050\" data-token=\"6fe1ea55c6850f03980d7a97f206d873\" data-token-time=\"1775832840\"><noscript class=\"wpforms-error-noscript\">Aktivera JavaScript i din webbl\u00e4sare f\u00f6r att fylla i formul\u00e4ret.<\/noscript><div id=\"wpforms-error-noscript\" style=\"display: none;\">Aktivera JavaScript i din webbl\u00e4sare f\u00f6r att fylla i formul\u00e4ret.<\/div><div class=\"wpforms-field-container\"><div id=\"wpforms-651-field_0-container\" class=\"wpforms-field wpforms-field-name\" data-field-id=\"0\"><label class=\"wpforms-field-label\" for=\"wpforms-651-field_0\">Namn <span class=\"wpforms-required-label\" aria-hidden=\"true\">*<\/span><\/label><input type=\"text\" id=\"wpforms-651-field_0\" class=\"wpforms-field-large wpforms-field-required\" name=\"wpforms[fields][0]\" aria-errormessage=\"wpforms-651-field_0-error\" required><\/div>\t\t<div id=\"wpforms-651-field_4-container\"\n\t\t\tclass=\"wpforms-field wpforms-field-text\"\n\t\t\tdata-field-type=\"text\"\n\t\t\tdata-field-id=\"4\"\n\t\t\t>\n\t\t\t<label class=\"wpforms-field-label\" for=\"wpforms-651-field_4\" >V\u00e4lj E-post Meddelande<\/label>\n\t\t\t<input type=\"text\" id=\"wpforms-651-field_4\" class=\"wpforms-field-medium\" name=\"wpforms[fields][4]\" >\n\t\t<\/div>\n\t\t<div id=\"wpforms-651-field_1-container\" class=\"wpforms-field wpforms-field-email\" data-field-id=\"1\"><label class=\"wpforms-field-label\" for=\"wpforms-651-field_1\">E-post <span class=\"wpforms-required-label\" aria-hidden=\"true\">*<\/span><\/label><input type=\"email\" id=\"wpforms-651-field_1\" class=\"wpforms-field-large wpforms-field-required\" name=\"wpforms[fields][1]\" spellcheck=\"false\" aria-errormessage=\"wpforms-651-field_1-error\" required><\/div><div id=\"wpforms-651-field_3-container\" class=\"wpforms-field wpforms-field-select wpforms-field-select-style-classic\" data-field-id=\"3\"><label class=\"wpforms-field-label\" for=\"wpforms-651-field_3\">V\u00e4lj tj\u00e4nst <span class=\"wpforms-required-label\" aria-hidden=\"true\">*<\/span><\/label><select id=\"wpforms-651-field_3\" class=\"wpforms-field-large wpforms-field-required\" name=\"wpforms[fields][3]\" required=\"required\"><option value=\"Foto &amp; Video\"  class=\"choice-1 depth-1\"  >Foto &amp; Video<\/option><option value=\"Sociala medier\"  class=\"choice-2 depth-1\"  >Sociala medier<\/option><option value=\"Webbdesign\"  class=\"choice-17 depth-1\"  >Webbdesign<\/option><option value=\"Arkitektur\"  class=\"choice-4 depth-1\"  >Arkitektur<\/option><\/select><\/div><div id=\"wpforms-651-field_2-container\" class=\"wpforms-field wpforms-field-textarea\" data-field-id=\"2\"><label class=\"wpforms-field-label\" for=\"wpforms-651-field_2\">Meddelande<\/label><textarea id=\"wpforms-651-field_2\" class=\"wpforms-field-medium\" name=\"wpforms[fields][2]\" aria-errormessage=\"wpforms-651-field_2-error\" ><\/textarea><\/div><script>\n\t\t\t\t( function() {\n\t\t\t\t\tconst style = document.createElement( 'style' );\n\t\t\t\t\tstyle.appendChild( document.createTextNode( '#wpforms-651-field_4-container { position: absolute !important; overflow: hidden !important; display: inline !important; height: 1px !important; width: 1px !important; z-index: -1000 !important; padding: 0 !important; } #wpforms-651-field_4-container input { visibility: hidden; } #wpforms-conversational-form-page #wpforms-651-field_4-container label { counter-increment: none; }' ) );\n\t\t\t\t\tdocument.head.appendChild( style );\n\t\t\t\t\tdocument.currentScript?.remove();\n\t\t\t\t} )();\n\t\t\t<\/script><\/div><!-- .wpforms-field-container --><div class=\"wpforms-recaptcha-container wpforms-is-recaptcha wpforms-is-recaptcha-type-v2\" ><div class=\"g-recaptcha\" data-sitekey=\"6LcKmvsqAAAAAL5l1ERfmMFsj2Jvvi9h2GXQwt9R\"><\/div><input type=\"text\" name=\"g-recaptcha-hidden\" class=\"wpforms-recaptcha-hidden\" style=\"position:absolute!important;clip:rect(0,0,0,0)!important;height:1px!important;width:1px!important;border:0!important;overflow:hidden!important;padding:0!important;margin:0!important;\" data-rule-recaptcha=\"1\"><\/div><div class=\"wpforms-submit-container\" ><input type=\"hidden\" name=\"wpforms[id]\" value=\"651\"><input type=\"hidden\" name=\"page_title\" value=\"\"><input type=\"hidden\" name=\"page_url\" value=\"https:\/\/boombaam.se\/index.php?rest_route=\/wp\/v2\/pages\/1050\"><input type=\"hidden\" name=\"url_referer\" value=\"\"><button type=\"submit\" name=\"wpforms[submit]\" id=\"wpforms-submit-651\" class=\"wpforms-submit\" data-alt-text=\"Skickar...\" data-submit-text=\"Skicka\" aria-live=\"assertive\" value=\"wpforms-submit\">Skicka<\/button><img loading=\"lazy\" decoding=\"async\" src=\"https:\/\/boombaam.se\/wp-content\/plugins\/wpforms-lite\/assets\/images\/submit-spin.svg\" class=\"wpforms-submit-spinner\" style=\"display: none;\" width=\"26\" height=\"26\" alt=\"Laddar\"><\/div><\/form><\/div>  <!-- .wpforms-container --><\/div>\n<\/div>\n","protected":false},"excerpt":{"rendered":"<p>Stick ut med professionellt foto och video! Fastighetsfilmer, reklamfilmer, dr\u00f6narvideos, reels och tiktoks. Produktfotografering, mat- och dryckesbilder, eventfotografering, interi\u00f6rbilder och bostadsfotografi \u2013 vi skapar visuellt starkt inneh\u00e5ll f\u00f6r f\u00f6retag, restauranger och m\u00e4klare. Oavsett om du beh\u00f6ver material f\u00f6r sociala medier, marknadsf\u00f6ring web eller f\u00f6rs\u00e4ljning, levererar vi skr\u00e4ddarsydda l\u00f6sningar som ger resultat. Kontakta oss idag och [&hellip;]<\/p>\n","protected":false},"author":1,"featured_media":0,"parent":0,"menu_order":0,"comment_status":"closed","ping_status":"closed","template":"","meta":{"site-sidebar-layout":"default","site-content-layout":"","ast-site-content-layout":"","site-content-style":"default","site-sidebar-style":"default","ast-global-header-display":"","ast-banner-title-visibility":"","ast-main-header-display":"","ast-hfb-above-header-display":"","ast-hfb-below-header-display":"","ast-hfb-mobile-header-display":"","site-post-title":"disabled","ast-breadcrumbs-content":"","ast-featured-img":"","footer-sml-layout":"","theme-transparent-header-meta":"","adv-header-id-meta":"","stick-header-meta":"","header-above-stick-meta":"","header-main-stick-meta":"","header-below-stick-meta":"","astra-migrate-meta-layouts":"default","ast-page-background-enabled":"default","ast-page-background-meta":{"desktop":{"background-color":"var(--ast-global-color-4)","background-image":"","background-repeat":"repeat","background-position":"center center","background-size":"auto","background-attachment":"scroll","background-type":"","background-media":"","overlay-type":"","overlay-color":"","overlay-opacity":"","overlay-gradient":""},"tablet":{"background-color":"","background-image":"","background-repeat":"repeat","background-position":"center center","background-size":"auto","background-attachment":"scroll","background-type":"","background-media":"","overlay-type":"","overlay-color":"","overlay-opacity":"","overlay-gradient":""},"mobile":{"background-color":"","background-image":"","background-repeat":"repeat","background-position":"center center","background-size":"auto","background-attachment":"scroll","background-type":"","background-media":"","overlay-type":"","overlay-color":"","overlay-opacity":"","overlay-gradient":""}},"ast-content-background-meta":{"desktop":{"background-color":"var(--ast-global-color-5)","background-image":"","background-repeat":"repeat","background-position":"center center","background-size":"auto","background-attachment":"scroll","background-type":"","background-media":"","overlay-type":"","overlay-color":"","overlay-opacity":"","overlay-gradient":""},"tablet":{"background-color":"var(--ast-global-color-5)","background-image":"","background-repeat":"repeat","background-position":"center center","background-size":"auto","background-attachment":"scroll","background-type":"","background-media":"","overlay-type":"","overlay-color":"","overlay-opacity":"","overlay-gradient":""},"mobile":{"background-color":"var(--ast-global-color-5)","background-image":"","background-repeat":"repeat","background-position":"center center","background-size":"auto","background-attachment":"scroll","background-type":"","background-media":"","overlay-type":"","overlay-color":"","overlay-opacity":"","overlay-gradient":""}},"footnotes":""},"class_list":["post-1050","page","type-page","status-publish","hentry"],"yoast_head":"<!-- This site is optimized with the Yoast SEO plugin v24.7 - https:\/\/yoast.com\/wordpress\/plugins\/seo\/ -->\n<title>Video -<\/title>\n<meta name=\"robots\" content=\"index, follow, max-snippet:-1, max-image-preview:large, max-video-preview:-1\" \/>\n<link rel=\"canonical\" href=\"https:\/\/boombaam.se\/?page_id=1050\" \/>\n<meta property=\"og:locale\" content=\"sv_SE\" \/>\n<meta property=\"og:type\" content=\"article\" \/>\n<meta property=\"og:title\" content=\"Video -\" \/>\n<meta property=\"og:description\" content=\"Stick ut med professionellt foto och video! Fastighetsfilmer, reklamfilmer, dr\u00f6narvideos, reels och tiktoks. Produktfotografering, mat- och dryckesbilder, eventfotografering, interi\u00f6rbilder och bostadsfotografi \u2013 vi skapar visuellt starkt inneh\u00e5ll f\u00f6r f\u00f6retag, restauranger och m\u00e4klare. Oavsett om du beh\u00f6ver material f\u00f6r sociala medier, marknadsf\u00f6ring web eller f\u00f6rs\u00e4ljning, levererar vi skr\u00e4ddarsydda l\u00f6sningar som ger resultat. Kontakta oss idag och [&hellip;]\" \/>\n<meta property=\"og:url\" content=\"https:\/\/boombaam.se\/?page_id=1050\" \/>\n<meta property=\"article:modified_time\" content=\"2025-05-04T10:54:45+00:00\" \/>\n<meta name=\"twitter:card\" content=\"summary_large_image\" \/>\n<meta name=\"twitter:label1\" content=\"Ber\u00e4knad l\u00e4stid\" \/>\n\t<meta name=\"twitter:data1\" content=\"1 minut\" \/>\n<script type=\"application\/ld+json\" class=\"yoast-schema-graph\">{\"@context\":\"https:\/\/schema.org\",\"@graph\":[{\"@type\":\"WebPage\",\"@id\":\"https:\/\/boombaam.se\/?page_id=1050\",\"url\":\"https:\/\/boombaam.se\/?page_id=1050\",\"name\":\"Video -\",\"isPartOf\":{\"@id\":\"https:\/\/boombaam.se\/#website\"},\"datePublished\":\"2025-03-16T16:39:19+00:00\",\"dateModified\":\"2025-05-04T10:54:45+00:00\",\"breadcrumb\":{\"@id\":\"https:\/\/boombaam.se\/?page_id=1050#breadcrumb\"},\"inLanguage\":\"sv-SE\",\"potentialAction\":[{\"@type\":\"ReadAction\",\"target\":[\"https:\/\/boombaam.se\/?page_id=1050\"]}]},{\"@type\":\"BreadcrumbList\",\"@id\":\"https:\/\/boombaam.se\/?page_id=1050#breadcrumb\",\"itemListElement\":[{\"@type\":\"ListItem\",\"position\":1,\"name\":\"Portada\",\"item\":\"https:\/\/boombaam.se\/\"},{\"@type\":\"ListItem\",\"position\":2,\"name\":\"Video\"}]},{\"@type\":\"WebSite\",\"@id\":\"https:\/\/boombaam.se\/#website\",\"url\":\"https:\/\/boombaam.se\/\",\"name\":\"\",\"description\":\"\",\"potentialAction\":[{\"@type\":\"SearchAction\",\"target\":{\"@type\":\"EntryPoint\",\"urlTemplate\":\"https:\/\/boombaam.se\/?s={search_term_string}\"},\"query-input\":{\"@type\":\"PropertyValueSpecification\",\"valueRequired\":true,\"valueName\":\"search_term_string\"}}],\"inLanguage\":\"sv-SE\"}]}<\/script>\n<!-- \/ Yoast SEO plugin. -->","yoast_head_json":{"title":"Video -","robots":{"index":"index","follow":"follow","max-snippet":"max-snippet:-1","max-image-preview":"max-image-preview:large","max-video-preview":"max-video-preview:-1"},"canonical":"https:\/\/boombaam.se\/?page_id=1050","og_locale":"sv_SE","og_type":"article","og_title":"Video -","og_description":"Stick ut med professionellt foto och video! Fastighetsfilmer, reklamfilmer, dr\u00f6narvideos, reels och tiktoks. Produktfotografering, mat- och dryckesbilder, eventfotografering, interi\u00f6rbilder och bostadsfotografi \u2013 vi skapar visuellt starkt inneh\u00e5ll f\u00f6r f\u00f6retag, restauranger och m\u00e4klare. Oavsett om du beh\u00f6ver material f\u00f6r sociala medier, marknadsf\u00f6ring web eller f\u00f6rs\u00e4ljning, levererar vi skr\u00e4ddarsydda l\u00f6sningar som ger resultat. Kontakta oss idag och [&hellip;]","og_url":"https:\/\/boombaam.se\/?page_id=1050","article_modified_time":"2025-05-04T10:54:45+00:00","twitter_card":"summary_large_image","twitter_misc":{"Ber\u00e4knad l\u00e4stid":"1 minut"},"schema":{"@context":"https:\/\/schema.org","@graph":[{"@type":"WebPage","@id":"https:\/\/boombaam.se\/?page_id=1050","url":"https:\/\/boombaam.se\/?page_id=1050","name":"Video -","isPartOf":{"@id":"https:\/\/boombaam.se\/#website"},"datePublished":"2025-03-16T16:39:19+00:00","dateModified":"2025-05-04T10:54:45+00:00","breadcrumb":{"@id":"https:\/\/boombaam.se\/?page_id=1050#breadcrumb"},"inLanguage":"sv-SE","potentialAction":[{"@type":"ReadAction","target":["https:\/\/boombaam.se\/?page_id=1050"]}]},{"@type":"BreadcrumbList","@id":"https:\/\/boombaam.se\/?page_id=1050#breadcrumb","itemListElement":[{"@type":"ListItem","position":1,"name":"Portada","item":"https:\/\/boombaam.se\/"},{"@type":"ListItem","position":2,"name":"Video"}]},{"@type":"WebSite","@id":"https:\/\/boombaam.se\/#website","url":"https:\/\/boombaam.se\/","name":"","description":"","potentialAction":[{"@type":"SearchAction","target":{"@type":"EntryPoint","urlTemplate":"https:\/\/boombaam.se\/?s={search_term_string}"},"query-input":{"@type":"PropertyValueSpecification","valueRequired":true,"valueName":"search_term_string"}}],"inLanguage":"sv-SE"}]}},"_links":{"self":[{"href":"https:\/\/boombaam.se\/index.php?rest_route=\/wp\/v2\/pages\/1050","targetHints":{"allow":["GET"]}}],"collection":[{"href":"https:\/\/boombaam.se\/index.php?rest_route=\/wp\/v2\/pages"}],"about":[{"href":"https:\/\/boombaam.se\/index.php?rest_route=\/wp\/v2\/types\/page"}],"author":[{"embeddable":true,"href":"https:\/\/boombaam.se\/index.php?rest_route=\/wp\/v2\/users\/1"}],"replies":[{"embeddable":true,"href":"https:\/\/boombaam.se\/index.php?rest_route=%2Fwp%2Fv2%2Fcomments&post=1050"}],"version-history":[{"count":23,"href":"https:\/\/boombaam.se\/index.php?rest_route=\/wp\/v2\/pages\/1050\/revisions"}],"predecessor-version":[{"id":1380,"href":"https:\/\/boombaam.se\/index.php?rest_route=\/wp\/v2\/pages\/1050\/revisions\/1380"}],"wp:attachment":[{"href":"https:\/\/boombaam.se\/index.php?rest_route=%2Fwp%2Fv2%2Fmedia&parent=1050"}],"curies":[{"name":"wp","href":"https:\/\/api.w.org\/{rel}","templated":true}]}}